{"id":55,"date":"2021-10-21T16:08:28","date_gmt":"2021-10-21T14:08:28","guid":{"rendered":"https:\/\/rentforyou.sk\/?page_id=55"},"modified":"2023-11-14T13:04:23","modified_gmt":"2023-11-14T12:04:23","slug":"uvod","status":"publish","type":"page","link":"https:\/\/rentforyou.sk\/","title":{"rendered":"\u00daVOD"},"content":{"rendered":"<div id=\"pl-55\"  class=\"panel-layout\" ><div id=\"pg-55-0\"  class=\"panel-grid panel-no-style\" ><div id=\"pgc-55-0-0\"  class=\"panel-grid-cell\" ><div id=\"panel-55-0-0-0\" class=\"so-panel widget widget_sow-editor panel-first-child panel-last-child\" data-index=\"0\" ><div class=\"so-widget-sow-editor so-widget-sow-editor-base\">\n<div class=\"siteorigin-widget-tinymce textwidget\">\n\t<h6 style=\"text-align: center;\"><strong>PO\u017dI\u010cOV\u0147A AUT RENTFORYOU.SK V\u00c1M PON\u00daKA VIACMIESTN\u00c9 VOZIDL\u00c1 NA KR\u00c1TKODOB\u00dd ALEBO DLHODOB\u00dd PREN\u00c1JOM. AKTU\u00c1LNE V NA\u0160EJ PONUKE NA PO\u017dI\u010cANIE N\u00c1JDETE VOZIDL\u00c1 ZNA\u010cKY MERCEDES A CITRO\u00cbN.<\/strong><\/h6>\n<h5 style=\"text-align: center;\"><strong>CENA ZA PREN\u00c1JOM VOZIDLA OD 55\u20ac<\/strong><\/h5>\n<\/div>\n<\/div><\/div><\/div><\/div><div id=\"pg-55-1\"  class=\"panel-grid panel-no-style\" ><div id=\"pgc-55-1-0\"  class=\"panel-grid-cell\" ><div id=\"panel-55-1-0-0\" class=\"so-panel widget widget_sow-editor panel-first-child panel-last-child\" data-index=\"1\" ><div class=\"so-widget-sow-editor so-widget-sow-editor-base\">\n<div class=\"siteorigin-widget-tinymce textwidget\">\n\t<h3 style=\"text-align: center;\"><a href=\"https:\/\/rentforyou.sk\/?page_id=26\"><strong>Mercedes-Benz Viano Extra Long, 8-seater<\/strong><\/a><\/h3>\n<p><a href=\"https:\/\/rentforyou.sk\/?page_id=26\"><img loading=\"lazy\" decoding=\"async\" class=\"size-large wp-image-28 aligncenter\" src=\"https:\/\/rentforyou.sk\/wp-content\/uploads\/2021\/10\/Viano-bok-1024x684.jpg\" alt=\"\" width=\"750\" height=\"501\" srcset=\"https:\/\/rentforyou.sk\/wp-content\/uploads\/2021\/10\/Viano-bok-1024x684.jpg 1024w, https:\/\/rentforyou.sk\/wp-content\/uploads\/2021\/10\/Viano-bok-300x200.jpg 300w, https:\/\/rentforyou.sk\/wp-content\/uploads\/2021\/10\/Viano-bok-768x513.jpg 768w, https:\/\/rentforyou.sk\/wp-content\/uploads\/2021\/10\/Viano-bok-1536x1026.jpg 1536w, https:\/\/rentforyou.sk\/wp-content\/uploads\/2021\/10\/Viano-bok-272x182.jpg 272w, https:\/\/rentforyou.sk\/wp-content\/uploads\/2021\/10\/Viano-bok.jpg 1800w\" sizes=\"auto, (max-width: 750px) 100vw, 750px\" \/><\/a><br \/>\n<a href=\"https:\/\/rentforyou.sk\/?page_id=26\"><img loading=\"lazy\" decoding=\"async\" class=\"aligncenter wp-image-76\" src=\"https:\/\/rentforyou.sk\/wp-content\/uploads\/2021\/12\/tlacitkoUK.png\" alt=\"\" width=\"200\" height=\"33\" \/><\/a><\/p>\n<\/div>\n<\/div><\/div><\/div><div id=\"pgc-55-1-1\"  class=\"panel-grid-cell\" ><div id=\"panel-55-1-1-0\" class=\"so-panel widget widget_sow-editor panel-first-child panel-last-child\" data-index=\"2\" ><div class=\"so-widget-sow-editor so-widget-sow-editor-base\">\n<div class=\"siteorigin-widget-tinymce textwidget\">\n\t<h3 style=\"text-align: center;\"><a href=\"https:\/\/rentforyou.sk\/?page_id=39\"><strong>Mercedes-Benz Vito Tourer Long, 8-miestne<\/strong><\/a><\/h3>\n<p><a href=\"https:\/\/rentforyou.sk\/?page_id=39\"><img loading=\"lazy\" decoding=\"async\" class=\"size-large wp-image-40 aligncenter\" src=\"https:\/\/rentforyou.sk\/wp-content\/uploads\/2021\/10\/vito-bok-1024x684.jpg\" alt=\"\" width=\"750\" height=\"501\" srcset=\"https:\/\/rentforyou.sk\/wp-content\/uploads\/2021\/10\/vito-bok-1024x684.jpg 1024w, https:\/\/rentforyou.sk\/wp-content\/uploads\/2021\/10\/vito-bok-300x200.jpg 300w, https:\/\/rentforyou.sk\/wp-content\/uploads\/2021\/10\/vito-bok-768x513.jpg 768w, https:\/\/rentforyou.sk\/wp-content\/uploads\/2021\/10\/vito-bok-1536x1026.jpg 1536w, https:\/\/rentforyou.sk\/wp-content\/uploads\/2021\/10\/vito-bok-272x182.jpg 272w, https:\/\/rentforyou.sk\/wp-content\/uploads\/2021\/10\/vito-bok.jpg 1800w\" sizes=\"auto, (max-width: 750px) 100vw, 750px\" \/><\/a><br \/>\n<a href=\"https:\/\/rentforyou.sk\/?page_id=39\"><img loading=\"lazy\" decoding=\"async\" class=\"aligncenter wp-image-76\" src=\"https:\/\/rentforyou.sk\/wp-content\/uploads\/2021\/10\/tlacitko.png\" alt=\"\" width=\"200\" height=\"33\" srcset=\"https:\/\/rentforyou.sk\/wp-content\/uploads\/2021\/10\/tlacitko.png 600w, https:\/\/rentforyou.sk\/wp-content\/uploads\/2021\/10\/tlacitko-300x50.png 300w\" sizes=\"auto, (max-width: 200px) 100vw, 200px\" \/><\/a><\/p>\n<\/div>\n<\/div><\/div><\/div><div id=\"pgc-55-1-2\"  class=\"panel-grid-cell\" ><div id=\"panel-55-1-2-0\" class=\"so-panel widget widget_sow-editor panel-first-child panel-last-child\" data-index=\"3\" ><div class=\"so-widget-sow-editor so-widget-sow-editor-base\">\n<div class=\"siteorigin-widget-tinymce textwidget\">\n\t<h3 style=\"text-align: center;\"><a href=\"https:\/\/rentforyou.sk\/?page_id=185\"><strong>Citro\u00ebn Jumper L2H2 BUS, 9 miestne <\/strong><\/a><\/h3>\n<p><a href=\"https:\/\/rentforyou.sk\/?page_id=185\"><img loading=\"lazy\" decoding=\"async\" class=\"aligncenter wp-image-187 size-large\" src=\"https:\/\/rentforyou.sk\/wp-content\/uploads\/2022\/06\/jumper1-1024x683.jpeg\" alt=\"\" width=\"750\" height=\"500\" srcset=\"https:\/\/rentforyou.sk\/wp-content\/uploads\/2022\/06\/jumper1-1024x683.jpeg 1024w, https:\/\/rentforyou.sk\/wp-content\/uploads\/2022\/06\/jumper1-300x200.jpeg 300w, https:\/\/rentforyou.sk\/wp-content\/uploads\/2022\/06\/jumper1-768x512.jpeg 768w, https:\/\/rentforyou.sk\/wp-content\/uploads\/2022\/06\/jumper1-272x182.jpeg 272w, https:\/\/rentforyou.sk\/wp-content\/uploads\/2022\/06\/jumper1.jpeg 1280w\" sizes=\"auto, (max-width: 750px) 100vw, 750px\" \/><\/a><br \/>\n<a href=\"https:\/\/rentforyou.sk\/?page_id=185\"><img loading=\"lazy\" decoding=\"async\" class=\"aligncenter wp-image-76\" src=\"https:\/\/rentforyou.sk\/wp-content\/uploads\/2021\/10\/tlacitko.png\" alt=\"\" width=\"200\" height=\"33\" srcset=\"https:\/\/rentforyou.sk\/wp-content\/uploads\/2021\/10\/tlacitko.png 600w, https:\/\/rentforyou.sk\/wp-content\/uploads\/2021\/10\/tlacitko-300x50.png 300w\" sizes=\"auto, (max-width: 200px) 100vw, 200px\" \/><\/a><\/p>\n<\/div>\n<\/div><\/div><\/div><\/div><\/div>","protected":false},"excerpt":{"rendered":"<p>PO\u017dI\u010cOV\u0147A AUT RENTFORYOU.SK V\u00c1M PON\u00daKA VIACMIESTN\u00c9 VOZIDL\u00c1 NA KR\u00c1TKODOB\u00dd ALEBO DLHODOB\u00dd PREN\u00c1JOM. AKTU\u00c1LNE V NA\u0160EJ PONUKE NA PO\u017dI\u010cANIE N\u00c1JDETE VOZIDL\u00c1 ZNA\u010cKY MERCEDES A CITRO\u00cbN. CENA ZA PREN\u00c1JOM VOZIDLA OD 55\u20ac Mercedes-Benz Viano Extra Long, 8-seater Mercedes-Benz Vito Tourer Long, 8-miestne<\/p>\n","protected":false},"author":2,"featured_media":0,"parent":0,"menu_order":0,"comment_status":"closed","ping_status":"closed","template":"","meta":{"footnotes":""},"class_list":["post-55","page","type-page","status-publish","hentry"],"_links":{"self":[{"href":"https:\/\/rentforyou.sk\/index.php?rest_route=\/wp\/v2\/pages\/55","targetHints":{"allow":["GET"]}}],"collection":[{"href":"https:\/\/rentforyou.sk\/index.php?rest_route=\/wp\/v2\/pages"}],"about":[{"href":"https:\/\/rentforyou.sk\/index.php?rest_route=\/wp\/v2\/types\/page"}],"author":[{"embeddable":true,"href":"https:\/\/rentforyou.sk\/index.php?rest_route=\/wp\/v2\/users\/2"}],"replies":[{"embeddable":true,"href":"https:\/\/rentforyou.sk\/index.php?rest_route=%2Fwp%2Fv2%2Fcomments&post=55"}],"version-history":[{"count":24,"href":"https:\/\/rentforyou.sk\/index.php?rest_route=\/wp\/v2\/pages\/55\/revisions"}],"predecessor-version":[{"id":277,"href":"https:\/\/rentforyou.sk\/index.php?rest_route=\/wp\/v2\/pages\/55\/revisions\/277"}],"wp:attachment":[{"href":"https:\/\/rentforyou.sk\/index.php?rest_route=%2Fwp%2Fv2%2Fmedia&parent=55"}],"curies":[{"name":"wp","href":"https:\/\/api.w.org\/{rel}","templated":true}]}}

ÚVOD

<div id="pl-55"  class="panel-layout" ><div id="pg-55-0"  class="panel-grid panel-no-style" ><div id="pgc-55-0-0"  class="panel-grid-cell" ><div id="panel-55-0-0-0" class="so-panel widget widget_sow-editor panel-first-child panel-last-child" data-index="0" ><div class="so-widget-sow-editor so-widget-sow-editor-base">
<div class="siteorigin-widget-tinymce textwidget">
	<h6 style="text-align: center;"><strong>POŽIČOVŇA AUT RENTFORYOU.SK VÁM PONÚKA VIACMIESTNÉ VOZIDLÁ NA KRÁTKODOBÝ ALEBO DLHODOBÝ PRENÁJOM. AKTUÁLNE V NAŠEJ PONUKE NA POŽIČANIE NÁJDETE VOZIDLÁ ZNAČKY MERCEDES A CITROËN.</strong></h6>
<h5 style="text-align: center;"><strong>CENA ZA PRENÁJOM VOZIDLA OD 55€</strong></h5>
</div>
</div></div></div></div><div id="pg-55-1"  class="panel-grid panel-no-style" ><div id="pgc-55-1-0"  class="panel-grid-cell" ><div id="panel-55-1-0-0" class="so-panel widget widget_sow-editor panel-first-child panel-last-child" data-index="1" ><div class="so-widget-sow-editor so-widget-sow-editor-base">
<div class="siteorigin-widget-tinymce textwidget">
	<h3 style="text-align: center;"><a href="https://rentforyou.sk/?page_id=26"><strong>Mercedes-Benz Viano Extra Long, 8-seater</strong></a></h3>
<p><a href="https://rentforyou.sk/?page_id=26"><img loading="lazy" decoding="async" class="size-large wp-image-28 aligncenter" src="https://rentforyou.sk/wp-content/uploads/2021/10/Viano-bok-1024x684.jpg" alt="" width="750" height="501" srcset="https://rentforyou.sk/wp-content/uploads/2021/10/Viano-bok-1024x684.jpg 1024w, https://rentforyou.sk/wp-content/uploads/2021/10/Viano-bok-300x200.jpg 300w, https://rentforyou.sk/wp-content/uploads/2021/10/Viano-bok-768x513.jpg 768w, https://rentforyou.sk/wp-content/uploads/2021/10/Viano-bok-1536x1026.jpg 1536w, https://rentforyou.sk/wp-content/uploads/2021/10/Viano-bok-272x182.jpg 272w, https://rentforyou.sk/wp-content/uploads/2021/10/Viano-bok.jpg 1800w" sizes="auto, (max-width: 750px) 100vw, 750px" /></a><br />
<a href="https://rentforyou.sk/?page_id=26"><img loading="lazy" decoding="async" class="aligncenter wp-image-76" src="https://rentforyou.sk/wp-content/uploads/2021/12/tlacitkoUK.png" alt="" width="200" height="33" /></a></p>
</div>
</div></div></div><div id="pgc-55-1-1"  class="panel-grid-cell" ><div id="panel-55-1-1-0" class="so-panel widget widget_sow-editor panel-first-child panel-last-child" data-index="2" ><div class="so-widget-sow-editor so-widget-sow-editor-base">
<div class="siteorigin-widget-tinymce textwidget">
	<h3 style="text-align: center;"><a href="https://rentforyou.sk/?page_id=39"><strong>Mercedes-Benz Vito Tourer Long, 8-miestne</strong></a></h3>
<p><a href="https://rentforyou.sk/?page_id=39"><img loading="lazy" decoding="async" class="size-large wp-image-40 aligncenter" src="https://rentforyou.sk/wp-content/uploads/2021/10/vito-bok-1024x684.jpg" alt="" width="750" height="501" srcset="https://rentforyou.sk/wp-content/uploads/2021/10/vito-bok-1024x684.jpg 1024w, https://rentforyou.sk/wp-content/uploads/2021/10/vito-bok-300x200.jpg 300w, https://rentforyou.sk/wp-content/uploads/2021/10/vito-bok-768x513.jpg 768w, https://rentforyou.sk/wp-content/uploads/2021/10/vito-bok-1536x1026.jpg 1536w, https://rentforyou.sk/wp-content/uploads/2021/10/vito-bok-272x182.jpg 272w, https://rentforyou.sk/wp-content/uploads/2021/10/vito-bok.jpg 1800w" sizes="auto, (max-width: 750px) 100vw, 750px" /></a><br />
<a href="https://rentforyou.sk/?page_id=39"><img loading="lazy" decoding="async" class="aligncenter wp-image-76" src="https://rentforyou.sk/wp-content/uploads/2021/10/tlacitko.png" alt="" width="200" height="33" srcset="https://rentforyou.sk/wp-content/uploads/2021/10/tlacitko.png 600w, https://rentforyou.sk/wp-content/uploads/2021/10/tlacitko-300x50.png 300w" sizes="auto, (max-width: 200px) 100vw, 200px" /></a></p>
</div>
</div></div></div><div id="pgc-55-1-2"  class="panel-grid-cell" ><div id="panel-55-1-2-0" class="so-panel widget widget_sow-editor panel-first-child panel-last-child" data-index="3" ><div class="so-widget-sow-editor so-widget-sow-editor-base">
<div class="siteorigin-widget-tinymce textwidget">
	<h3 style="text-align: center;"><a href="https://rentforyou.sk/?page_id=185"><strong>Citroën Jumper L2H2 BUS, 9 miestne </strong></a></h3>
<p><a href="https://rentforyou.sk/?page_id=185"><img loading="lazy" decoding="async" class="aligncenter wp-image-187 size-large" src="https://rentforyou.sk/wp-content/uploads/2022/06/jumper1-1024x683.jpeg" alt="" width="750" height="500" srcset="https://rentforyou.sk/wp-content/uploads/2022/06/jumper1-1024x683.jpeg 1024w, https://rentforyou.sk/wp-content/uploads/2022/06/jumper1-300x200.jpeg 300w, https://rentforyou.sk/wp-content/uploads/2022/06/jumper1-768x512.jpeg 768w, https://rentforyou.sk/wp-content/uploads/2022/06/jumper1-272x182.jpeg 272w, https://rentforyou.sk/wp-content/uploads/2022/06/jumper1.jpeg 1280w" sizes="auto, (max-width: 750px) 100vw, 750px" /></a><br />
<a href="https://rentforyou.sk/?page_id=185"><img loading="lazy" decoding="async" class="aligncenter wp-image-76" src="https://rentforyou.sk/wp-content/uploads/2021/10/tlacitko.png" alt="" width="200" height="33" srcset="https://rentforyou.sk/wp-content/uploads/2021/10/tlacitko.png 600w, https://rentforyou.sk/wp-content/uploads/2021/10/tlacitko-300x50.png 300w" sizes="auto, (max-width: 200px) 100vw, 200px" /></a></p>
</div>
</div></div></div></div></div>

<p>POŽIČOVŇA AUT RENTFORYOU.SK VÁM PONÚKA VIACMIESTNÉ VOZIDLÁ NA KRÁTKODOBÝ ALEBO DLHODOBÝ PRENÁJOM. AKTUÁLNE V NAŠEJ PONUKE NA POŽIČANIE NÁJDETE VOZIDLÁ ZNAČKY MERCEDES A CITROËN. CENA ZA PRENÁJOM VOZIDLA OD 55€ Mercedes-Benz Viano Extra Long, 8-seater Mercedes-Benz Vito Tourer Long, 8-miestne</p>
